{"id":745,"date":"2024-09-10T00:13:52","date_gmt":"2024-09-10T00:13:52","guid":{"rendered":"https:\/\/grapos-softdrinks.sk\/?page_id=745"},"modified":"2024-09-28T10:23:55","modified_gmt":"2024-09-28T10:23:55","slug":"principy-a-hodnoty","status":"publish","type":"page","link":"https:\/\/grapos-softdrinks.sk\/index.php\/principy-a-hodnoty\/","title":{"rendered":"Princ\u00edpy a hodnoty"},"content":{"rendered":"\t\t<div data-elementor-type=\"wp-page\" data-elementor-id=\"745\" class=\"elementor elementor-745\" data-elementor-post-type=\"page\">\n\t\t\t\t<div class=\"elementor-element elementor-element-0abce87 e-flex e-con-boxed e-con e-parent\" data-id=\"0abce87\" data-element_type=\"container\">\n\t\t\t\t\t<div class=\"e-con-inner\">\n\t\t\t\t<div class=\"elementor-element elementor-element-f5ab573 elementor-post-navigation-borders-yes elementor-widget elementor-widget-post-navigation\" data-id=\"f5ab573\" data-element_type=\"widget\" data-widget_type=\"post-navigation.default\">\n\t\t\t\t<div class=\"elementor-widget-container\">\n\t\t\t<link rel=\"stylesheet\" href=\"https:\/\/grapos-softdrinks.sk\/wp-content\/plugins\/elementor-pro\/assets\/css\/widget-theme-elements.min.css?ver=1729962869\">\t\t<div class=\"elementor-post-navigation\">\n\t\t\t<div class=\"elementor-post-navigation__prev elementor-post-navigation__link\">\n\t\t\t\t<a href=\"https:\/\/grapos-softdrinks.sk\/index.php\/grapos-pribeh\/\" rel=\"prev\"><span class=\"post-navigation__arrow-wrapper post-navigation__arrow-prev\"><i class=\"fa fa-arrow-circle-left\" aria-hidden=\"true\"><\/i><span class=\"elementor-screen-only\">Prev<\/span><\/span><span class=\"elementor-post-navigation__link__prev\"><span class=\"post-navigation__prev--label\">Predch\u00e1dzaj\u00faca str\u00e1nka<\/span><span class=\"post-navigation__prev--title\">Grapos &#8211; Pr\u00edbeh<\/span><\/span><\/a>\t\t\t<\/div>\n\t\t\t\t\t\t\t<div class=\"elementor-post-navigation__separator-wrapper\">\n\t\t\t\t\t<div class=\"elementor-post-navigation__separator\"><\/div>\n\t\t\t\t<\/div>\n\t\t\t\t\t\t<div class=\"elementor-post-navigation__next elementor-post-navigation__link\">\n\t\t\t\t<a href=\"https:\/\/grapos-softdrinks.sk\/index.php\/nase-certifikaty\/\" rel=\"next\"><span class=\"elementor-post-navigation__link__next\"><span class=\"post-navigation__next--label\">\u010eal\u0161ia str\u00e1nka<\/span><span class=\"post-navigation__next--title\">Na\u0161e certifik\u00e1ty<\/span><\/span><span class=\"post-navigation__arrow-wrapper post-navigation__arrow-next\"><i class=\"fa fa-arrow-circle-right\" aria-hidden=\"true\"><\/i><span class=\"elementor-screen-only\">Next<\/span><\/span><\/a>\t\t\t<\/div>\n\t\t<\/div>\n\t\t\t\t<\/div>\n\t\t\t\t<\/div>\n\t\t\t\t\t<\/div>\n\t\t\t\t<\/div>\n\t\t<div class=\"elementor-element elementor-element-7c9e5e7 e-flex e-con-boxed e-con e-parent\" data-id=\"7c9e5e7\" data-element_type=\"container\">\n\t\t\t\t\t<div class=\"e-con-inner\">\n\t\t<div class=\"elementor-element elementor-element-f0cd587 e-con-full e-flex e-con e-child\" data-id=\"f0cd587\" data-element_type=\"container\">\n\t\t\t\t<div class=\"elementor-element elementor-element-1d09a72 elementor-widget elementor-widget-heading\" data-id=\"1d09a72\" data-element_type=\"widget\" data-widget_type=\"heading.default\">\n\t\t\t\t<div class=\"elementor-widget-container\">\n\t\t\t<style>\/*! elementor - v3.23.0 - 05-08-2024 *\/\n.elementor-heading-title{padding:0;margin:0;line-height:1}.elementor-widget-heading .elementor-heading-title[class*=elementor-size-]>a{color:inherit;font-size:inherit;line-height:inherit}.elementor-widget-heading .elementor-heading-title.elementor-size-small{font-size:15px}.elementor-widget-heading .elementor-heading-title.elementor-size-medium{font-size:19px}.elementor-widget-heading .elementor-heading-title.elementor-size-large{font-size:29px}.elementor-widget-heading .elementor-heading-title.elementor-size-xl{font-size:39px}.elementor-widget-heading .elementor-heading-title.elementor-size-xxl{font-size:59px}<\/style><h2 class=\"elementor-heading-title elementor-size-default\">Princ\u00edpy a hodnoty rodiny Grapos<\/h2>\t\t<\/div>\n\t\t\t\t<\/div>\n\t\t\t\t<\/div>\n\t\t\t\t\t<\/div>\n\t\t\t\t<\/div>\n\t\t<div class=\"elementor-element elementor-element-717d52d e-flex e-con-boxed e-con e-parent\" data-id=\"717d52d\" data-element_type=\"container\">\n\t\t\t\t\t<div class=\"e-con-inner\">\n\t\t<div class=\"elementor-element elementor-element-f30d109 e-con-full e-flex e-con e-child\" data-id=\"f30d109\" data-element_type=\"container\">\n\t\t\t\t<div class=\"elementor-element elementor-element-4e8113b elementor-widget elementor-widget-text-editor\" data-id=\"4e8113b\" data-element_type=\"widget\" data-widget_type=\"text-editor.default\">\n\t\t\t\t<div class=\"elementor-widget-container\">\n\t\t\t<style>\/*! elementor - v3.23.0 - 05-08-2024 *\/\n.elementor-widget-text-editor.elementor-drop-cap-view-stacked .elementor-drop-cap{background-color:#69727d;color:#fff}.elementor-widget-text-editor.elementor-drop-cap-view-framed .elementor-drop-cap{color:#69727d;border:3px solid;background-color:transparent}.elementor-widget-text-editor:not(.elementor-drop-cap-view-default) .elementor-drop-cap{margin-top:8px}.elementor-widget-text-editor:not(.elementor-drop-cap-view-default) .elementor-drop-cap-letter{width:1em;height:1em}.elementor-widget-text-editor .elementor-drop-cap{float:left;text-align:center;line-height:1;font-size:50px}.elementor-widget-text-editor .elementor-drop-cap-letter{display:inline-block}<\/style>\t\t\t\t<p>Sme rodina GRAPOS. Sme v\u00fdrobcom postmixov\u00fdch sirupov Grapos pre nealkoholick\u00e9 n\u00e1poje a postmixov\u00fdch d\u00e1vkova\u010dov. M\u00e1me v\u00fdhodu pon\u00faknu\u0165 na\u0161im klientom v\u0161etko z jedn\u00e9ho zdroja a vytvori\u0165 celkov\u00fd koncept spolo\u010dne s klientom. \u010co n\u00e1s rob\u00ed jedine\u010dn\u00fdmi, je to, \u017ee ka\u017ed\u00fd \u010dlen n\u00e1\u0161ho vysoko kvalifikovan\u00e9ho t\u00edmu m\u00e1 kompetenciu v oblasti na\u0161ich produktov, predaja, technol\u00f3gie a servisu.<\/p><p>Ako servisne orientovan\u00e1 spolo\u010dnos\u0165 je jedn\u00fdm z na\u0161ich najvy\u0161\u0161\u00edch cie\u013eov by\u0165 na\u0161im klientom k dispoz\u00edcii de\u0148 a noc, 365 dn\u00ed v roku, a zabezpe\u010di\u0165 r\u00fdchle rie\u0161enia. Na\u0161\u00edm cie\u013eom je, aby na\u0161i spokojn\u00ed klienti \u0161\u00edrili slovo o na\u0161ich snah\u00e1ch, \u010do vedie k neust\u00e1lemu rastu rodiny GRAPOS.<\/p><p>N\u00e1\u0161 person\u00e1l je t\u00edm v\u0161estrann\u00fdch odborn\u00edkov, ktor\u00ed zaru\u010duj\u00fa kvalitu rodiny GRAPOS svojimi osobn\u00fdmi cnos\u0165ami, neust\u00e1le aktualizovan\u00fdmi odborn\u00fdmi znalos\u0165ami, vynikaj\u00facou pracovnou mor\u00e1lkou a priate\u013esk\u00fdm spr\u00e1van\u00edm vo\u010di klientom. Aby sme udr\u017eali tento vysok\u00fd \u0161tandard a posilnili na\u0161u silu, neust\u00e1le pracujeme na rozvoji a zlep\u0161ovan\u00ed na\u0161ich kvalifik\u00e1ci\u00ed.<\/p><p>\u0160peci\u00e1lne z\u00e1sluhy na\u0161ej spr\u00e1vy s\u00fa: ich modelov\u00e9 anga\u017eovanie a flexibilita pri spolupr\u00e1ci s na\u0161imi partnermi a ich soci\u00e1lne a \u013eudsk\u00e9 spr\u00e1vanie v s\u00favislosti s jasnou dohodou o \u00faloh\u00e1ch. Zabezpe\u010dujeme stabilitu na\u0161ej spolo\u010dnosti udr\u017eiavan\u00edm spolo\u010densk\u00fdch sp\u00f4sobov, dokonalos\u0165ou osobn\u00e9ho riadenia a \u0161trukt\u00farami v na\u0161ej spolo\u010dnosti.<\/p><p>Svojich dod\u00e1vate\u013eov vn\u00edmame ako spolo\u010dn\u00edkov, od ktor\u00fdch o\u010dak\u00e1vame inova\u010dn\u00fa silu a kompetenciu na rie\u0161enie probl\u00e9mov, ako aj priamy a profesion\u00e1lny prenos objedn\u00e1vok na kon\u0161tantnej \u00farovni vysokej kvality. To automaticky vedie k spravodliv\u00e9mu a trval\u00e9mu partnerstvu.<\/p><p>Na\u0161i distrib\u00fatori s\u00fa pre n\u00e1s d\u00f4le\u017eit\u00ed partneri. Prostredn\u00edctvom dokonal\u00e9ho t\u00edmov\u00e9ho pr\u00e1ce, neust\u00e1leho v\u00fdmeny know-how a vzdel\u00e1vania z\u00edskavaj\u00fa vedomie o kvalite produktu a vynikaj\u00facom obraze zna\u010dky. Tak je zabezpe\u010den\u00fd vz\u00e1jomn\u00fd prospech.<\/p><p>D\u00e1vame d\u00f4raz na ochranu pr\u00edrody a na\u0161ich \u017eivotn\u00fdch prostred\u00ed, aby sme prevzali zodpovednos\u0165 za bud\u00face gener\u00e1cie. Preto pou\u017e\u00edvame opakovane plnite\u013en\u00e9 nerezov\u00e9 kontajnery a modern\u00fa technol\u00f3giu v na\u0161ej v\u00fdrobnej prev\u00e1dzke.<\/p><p>Ka\u017edodenn\u00e9 plnenie t\u00fdchto spolo\u010dn\u00fdch dohodnut\u00fdch princ\u00edpov zabezpe\u010duje silu a \u00faspech rodiny GRAPOS.<\/p><p>Marec 1999<\/p>\t\t\t\t\t\t<\/div>\n\t\t\t\t<\/div>\n\t\t\t\t<\/div>\n\t\t\t\t\t<\/div>\n\t\t\t\t<\/div>\n\t\t\t\t<\/div>\n\t\t","protected":false},"excerpt":{"rendered":"<p>Princ\u00edpy a hodnoty rodiny Grapos Sme rodina GRAPOS. Sme v\u00fdrobcom postmixov\u00fdch sirupov Grapos pre nealkoholick\u00e9 n\u00e1poje a postmixov\u00fdch d\u00e1vkova\u010dov. M\u00e1me v\u00fdhodu pon\u00faknu\u0165 na\u0161im klientom v\u0161etko z jedn\u00e9ho zdroja a vytvori\u0165 celkov\u00fd koncept spolo\u010dne s klientom. \u010co n\u00e1s rob\u00ed jedine\u010dn\u00fdmi, je to, \u017ee ka\u017ed\u00fd \u010dlen n\u00e1\u0161ho vysoko kvalifikovan\u00e9ho t\u00edmu m\u00e1 kompetenciu v oblasti na\u0161ich produktov, predaja, [&hellip;]<\/p>\n","protected":false},"author":1,"featured_media":0,"parent":0,"menu_order":0,"comment_status":"closed","ping_status":"closed","template":"elementor_header_footer","meta":{"footnotes":""},"class_list":["post-745","page","type-page","status-publish","hentry","entry"],"_links":{"self":[{"href":"https:\/\/grapos-softdrinks.sk\/index.php\/wp-json\/wp\/v2\/pages\/745","targetHints":{"allow":["GET"]}}],"collection":[{"href":"https:\/\/grapos-softdrinks.sk\/index.php\/wp-json\/wp\/v2\/pages"}],"about":[{"href":"https:\/\/grapos-softdrinks.sk\/index.php\/wp-json\/wp\/v2\/types\/page"}],"author":[{"embeddable":true,"href":"https:\/\/grapos-softdrinks.sk\/index.php\/wp-json\/wp\/v2\/users\/1"}],"replies":[{"embeddable":true,"href":"https:\/\/grapos-softdrinks.sk\/index.php\/wp-json\/wp\/v2\/comments?post=745"}],"version-history":[{"count":7,"href":"https:\/\/grapos-softdrinks.sk\/index.php\/wp-json\/wp\/v2\/pages\/745\/revisions"}],"predecessor-version":[{"id":1074,"href":"https:\/\/grapos-softdrinks.sk\/index.php\/wp-json\/wp\/v2\/pages\/745\/revisions\/1074"}],"wp:attachment":[{"href":"https:\/\/grapos-softdrinks.sk\/index.php\/wp-json\/wp\/v2\/media?parent=745"}],"curies":[{"name":"wp","href":"https:\/\/api.w.org\/{rel}","templated":true}]}}